e 4.
-1213
What is -11 (base 2) in base 3?
-10
0 (base 14) to base 8
0
Convert 30 (base 5) to base 3.
120
Convert -3 (base 6) to base 15.
-3
11 (base 4) to base 16
5
What is 3e (base 16) in base 9?
68
What is -10001 (base 3) in base 8?
-122
-1a (base 12) to base 8
-26
-29 (base 13) to base 4
-203
Convert 510 (base 6) to base 5.
1221
What is -39 (base 10) in base 14?
-2b
What is 103 (base 5) in base 7?
40
Convert -11 (base 3) to base 14.
-4
0 (base 15) to base 10
0
What is 50 (base 7) in base 10?
35
Convert -11 (base 2) to base 16.
-3
What is -11 (base 3) in base 8?
-4
Convert 1 (base 12) to base 4.
1
Convert 1 (base 16) to base 2.
1
-22 (base 9) to base 13
-17
Convert -37 (base 12) to base 5.
-133
Convert 0 (base 11) to base 8.
0
9 (base 10) to base 5
14
-3 (base 16) to base 10
-3
260 (base 8) to base 10
176
What is 31 (base 4) in base 11?
12
-34 (base 12) to base 11
-37
Convert 256 (base 7) to base 6.
351
Convert -29 (base 14) to base 13.
-2b
5 (base 9) to base 4
11
What is 173 (base 9) in base 4?
2103
Convert 14 (base 9) to base 16.
d
What is 1100100 (base 2) in base 6?
244
Convert 2 (base 16) to base 15.
2
1 (base 12) to base 2
1
Convert 22122 (base 3) to base 8.
351
Convert 3e (base 16) to base 14.
46
-2 (base 7) to base 10
-2
Convert -10 (base 14) to base 6.
-22
What is 6 (base 7) in base 14?
6
What is 19 (base 10) in base 6?
31
Convert 4 (base 6) to base 8.
4
Convert -110 (base 3) to base 2.
-1100
273 (base 10) to base 14
157
Convert -100001 (base 2) to base 12.
-29
What is 0 (base 13) in base 15?
0
What is 4 (base 13) in base 9?
4
What is 212 (base 4) in base 13?
2c
32 (base 9) to base 2
11101
What is -110011 (base 2) in base 11?
-47
6 (base 16) to base 11
6
Convert -64 (base 11) to base 4.
-1012
Convert 11 (base 2) to base 10.
3
What is 31 (base 7) in base 2?
10110
What is 1 (base 12) in base 5?
1
Convert -11 (base 3) to base 15.
-4
553 (base 6) to base 10
213
What is -321 (base 5) in base 10?
-86
Convert 110 (base 4) to base 7.
26
19 (base 16) to base 3
221
42 (base 10) to base 9
46
What is 19 (base 14) in base 9?
25
Convert -1a (base 15) to base 11.
-23
Convert -31 (base 6) to base 2.
-10011
Convert 1110 (base 2) to base 7.
20
-23 (base 5) to base 12
-11
-10010 (base 2) to base 4
-102
2 (base 8) to base 13
2
5 (base 7) to base 12
5
What is -24 (base 10) in base 3?
-220
20 (base 3) to base 13
6
Convert 110001 (base 3) to base 15.
16a
What is 4 (base 11) in base 12?
4
-12 (base 14) to base 15
-11
202 (base 6) to base 15
4e
What is -4 (base 13) in base 4?
-10
Convert -107 (base 11) to base 13.
-9b
What is 37 (base 12) in base 8?
53
What is 1 (base 6) in base 5?
1
Convert 203 (base 5) to base 12.
45
What is -1 (base 5) in base 12?
-1
What is 143 (base 8) in base 2?
1100011
What is 12 (base 13) in base 3?
120
2c (base 13) to base 3
1102
Convert -b (base 13) to base 7.
-14
What is -b (base 14) in base 3?
-102
Convert 20 (base 8) to base 11.
15
-2111 (base 5) to base 8
-431
Convert d (base 15) to base 5.
23
Convert 191 (base 11) to base 8.
335
10 (base 9) to base 13
9
2 (base 7) to base 3
2
Convert 101 (base 4) to base 9.
18
What is -2 (base 8) in base 13?
-2
Convert 0 (base 16) to base 10.
0
Convert 5 (base 14) to base 2.
101
40 (base 9) to base 2
100100
Convert 215 (base 6) to base 10.
83
Convert 3 (base 12) to base 14.
3
Convert -11 (base 13) to base 6.
-22
Convert -3 (base 10) to base 7.
-3
What is -13 (base 4) in base 5?
-12
-1a (base 15) to base 8
-31
What is 3 (base 9) in base 10?
3
Convert -16 (base 9) to base 7.
-21
What is 3 (base 12) in base 3?
10
What is 0 (base 7) in base 5?
0
-57 (base 12) to base 15
-47
Convert -4 (base 12) to base 5.
-4
-b (base 15) to base 4
-23
Convert -1 (base 8) to base 11.
-1
-20 (base 3) to base 9
-6
What is -233 (base 5) in base 13?
-53
Convert -10 (base 15) to base 3.
-120
What is -4 (base 10) in base 2?
-100
Convert -2 (base 13) to base 2.
-10
-b (base 12) to base 5
-21
Convert 3 (base 6) to base 7.
3
What is -2 (base 14) in base 6?
-2
-10231 (base 4) to base 3
-102011
Convert 12 (base 11) to base 16.
d
Convert 19 (base 10) to base 6.
31
-1 (base 7) to base 10
-1
0 (base 6) to base 3
0
What is 23 (base 8) in base 6?
31
Convert -113 (base 6) to base 15.
-30
Convert -2 (base 12) to base 11.
-2
-6 (base 7) to base 9
-6
Convert 0 (base 11) to base 8.
0
Convert -48 (base 13) to base 3.
-2020
Convert -30 (base 6) to base 13.
-15
What is -2 (base 7) in base 2?
-10
Convert -1000 (base 2) to base 16.
-8
Convert 0 (base 3) to base 5.
0
What is -2012 (base 3) in base 4?
-323
Convert 3 (base 6) to base 8.
3
2 (base 8) to base 10
2
6 (base 7) to base 6
10
What is -22 (base 9) in base 6?
-32
Convert 2 (base 13) to base 14.
2
What is 7 (base 8) in base 6?
11
Convert -18 (base 11) to base 3.
-201
2 (base 5) to base 3
2
22 (base 15) to base 16
20
2 (base 12) to base 14
2
1 (base 14) to base 3
1
What is -1 (base 14) in base 7?
-1
-116 (base 7) to base 14
-46
-28 (base 9) to base 13
-20
Convert -36 (base 7) to base 16.
-1b
What is -5 (base 7) in base 8?
-5
What is -a (base 13) in base 3?
-101
What is b7 (base 13) in base 12?
106
-10 (base 3) to base 2
-11
Convert 44 (base 10) to base 5.
134
Convert -146 (base 12) to base 3.
-21100
Convert 19 (base 11) to base 8.
24
What is -21 (base 8) in base 3?
-122
What is 1 (base 15) in base 3?
1
What is -2 (base 11) in base 5?
-2
332 (base 5) to base 8
134
What is -2 (base 9) in base 3?
-2
0 (base 14) to base 6
0
Convert -215 (base 6) to base 15.
-58
What is -18 (base 13) in base 5?
-41
Convert -20 (base 8) to base 11.
-15
What is -23 (base 13) in base 12?
-25
50 (base 9) to base 14
33
13 (base 16) to base 3
201
Convert -2c (base 16) to base 13.
-35
1 (base 14) to base 2
1
What is -3 (base 9) in base 16?
-3
Convert -100001 (base 2) to base 6.
-53
Convert 66 (base 15) to base 12.
80
Convert -4 (base 10) to base 4.
-10
Convert -30 (base 5) to base 11.
-14
Convert 5 (base 10) to base 12.
5
What is a3 (base 13) in base 9?
157
Convert -a (base 11) to base 6.
-14
22 (base 4) to base 3
101
-1b (base 16) to base 9
-30
What is -12 (base 14) in base 6?
-24
Convert 2 (base 8) to base 15.
2
What is -1 (base 10) in base 13?
-1
-4 (base 15) to base 3
-11
-30 (base 4) to base 16
-c
What is -30 (base 5) in base 13?
-12
44 (base 10) to base 6
112
2 (base 7) to base 4
2
Convert -2202 (base 3) to base 14.
-54
What is -111021 (base 3) in base 9?
-437
What is -2 (base 12) in base 10?
-2
What is 11010 (base 2) in base 8?
32
7 (base 11) to base 4
13
What is -2 (base 15) in base 5?
-2
Convert 1 (base 3) to base 10.
1
25 (base 15) to base 13
29
Convert 0 (base 10) to base 9.
0
Convert 212 (base 7) to base 12.
8b
What is -50 (base 9) in base 3?
-1200
Convert 0 (base 2) to base 4.
0
Convert 0 (base 7) to base 14.
0
Convert 0 (base 4) to base 2.
0
What is -17 (base 8) in base 3?
-120
What is 2 (base 16) in base 12?
2
Convert 1c (base 13) to base 10.
25
Convert 0 (base 10) to base 7.
0
-35 (base 14) to base 3
-1202
What is -25 (base 8) in base 9?
-23
Convert 134 (base 12) to base 11.
158
Convert 0 (base 6) to base 16.
0
Convert 1 (base 5) to base 3.
1
What is -300 (base 6) in base 12?
-90
Convert -1 (base 10) to base 9.
-1
Convert -2 (base 3) to base 2.
-10
Convert -b (base 12) to base 13.
-b
What is 150 (base 13) in base 2?
11101010
-104 (base 11) to base 14
-8d
What is -6 (base 7) in base 11?
-6
2 (base 7) to base 11
2
What is -131 (base 6) in base 2?
-110111
Convert 12 (base 9) to base 14.
b
What is 13 (base 4) in base 7?
10
What is -51 (base 7) in base 3?
-1100
Convert 2 (base 15) to base 8.
2
Convert 4 (base 7) to base 6.
4
Convert 1 (base 12) to base 9.
1
-15 (base 12) to base 15
-12
Convert -4 (base 10) to base 8.
-4
-3 (base 5) to base 8
-3
-34 (base 10) to base 3
-1021
What is -2 (base 10) in base 4?
-2
Convert -11010110 (base 2) to base 6.
-554
-40 (base 14) to base 10
-56
-11 (base 14) to base 6
-23
Convert a6 (base 16) to base 15.
b1
What is 452 (base 7) in base 9?
278
What is -2a (base 14) in base 4?
-212
100 (base 6) to base 3
1100
Convert -210 (base 14) to base 9.
-501
2 (base 15) to base 12
2
Convert -20 (base 7) to base 8.
-16
What is 1210 (base 3) in base 10?
48
-2220 (base 3) to base 12
-66
What is 11101010 (base 2) in base 14?
12a
Convert 100100 (base 2) to base 14.
28
Convert -3 (ba